ns digit of s?
7
Suppose 15*i + 94 + 11 = 0. What is the tens digit of 6/(-13 - i) + 2074?
7
Suppose 5*s - 24*f = -28*f + 344705, 0 = 4*s - f - 275785. What is the tens digit of s?
4
Suppose 0 = -2*c - 5*x + 772, 5 + 19 = -3*x. What is the units digit of c?
6
Suppose -118*v + 13398 = -132*v. Let g = -247 - v. What is the tens digit of g?
1
Suppose 0 = -3*y - 2*y + 3*w + 14, w - 14 = -3*y. Let a = 6 - y. What is the tens digit of a/7 + 5/((-35)/(-166))?
2
What is the hundreds digit of (-1284)/(-18)*(-30078)/(-36)?
5
Let l be 40 + (94/(-18) - 14/(-63)). Suppose -5*f = 4*k - 39, -33 - 12 = -3*f + 3*k. Let n = f + l. What is the units digit of n?
6
Let g be (-538)/(-8)*(-20)/(-1). Let a = 2689 - g. What is the hundreds digit of a?
3
Let y = 1375 - -767. Suppose 4*j + x - y = 0, 4*j + 5*x = 6*j - 1060. What is the hundreds digit of j?
5
Let h(o) be the first derivative of -19*o**2 + 236*o - 180. What is the hundreds digit of h(-25)?
1
Let k(c) = 770*c - 1639. What is the thousands digit of k(12)?
7
Let b(f) = -1526*f - 2403. What is the units digit of b(-8)?
5
Suppose -5*o - 21 = -2*o. Let j(l) be the second derivative of -l**4/12 - 5*l**3/3 - l**2 + 3*l. What is the units digit of j(o)?
9
Suppose -3*y - 6390 = -6*r, 3*r - 11*y = -7*y + 3195. What is the thousands digit of r?
1
Let a be ((-1)/4)/((-3)/48). Let c(m) = -2 + 7*m + 2 + a - m + 2*m**2. What is the tens digit of c(-5)?
2
Let t be (104 - (5 - 4)) + 2. Let o = t - 88. Suppose 13*f - o*f = -344. What is the units digit of f?
6
Let c be (-84)/22 + 4 - (-5968)/88. Let x = c - -677. What is the hundreds digit of x?
7
Suppose 8*n = 55157 - 15861. Suppose -4019 = -4*b + 2*r + 905, -4*b + n = -5*r. What is the hundreds digit of b?
2
Let h = -26307 - -35415. What is the tens digit of h?
0
Let g(b) = 7*b + 2. Let f be g(1). Suppose 4 = -t - f. What is the tens digit of (-2)/(-13) + (-479)/t?
3
Let w(p) = -2567*p - 3. Let t be w(11). Let h be t/(-72) + 4/(-18). Suppose h = 8*a - a. What is the units digit of a?
6
Let k(v) be the first derivative of 5*v**3/3 - 3*v**2/2 - 3*v - 2. Let z be k(-2). Suppose 26*t = z*t + 6. What is the units digit of t?
2
Let l = -152 - -216. Let x = l - 60. Suppose -u + 50 = -4*n, 2*n + 8 = x*n. What is the units digit of u?
6
Let z(c) = -c**3 + 8*c**2 - 9*c + 2. Let q(u) = -3*u - 8. Let r be q(-4). Suppose -12 = -4*p + 4*l, -r*l = -3*p + p. What is the tens digit of z(p)?
2
Suppose 2*a = 4*r - 0*r + 100, -2*a + 102 = -5*r. Let z be (-16)/(-96) - a/(-12). Suppose 3*l = 5*i - 99, 4*i = -z*l + 57 + 3. What is the units digit of i?
8
Let t(m) = -18*m**3 + m**2 + 5*m + 3. Let i be t(-1). Suppose -3*h + 1 = -i. What is the units digit of h?
6
Let n = 3493 - 1688. Let d(m) = -3*m**2 + 188*m - 467. Let u be d(60). What is the tens digit of 18/117 + n/u?
3
Let l = 36 + 22. Suppose -l = -n + 199. What is the tens digit of n?
5
What is the units digit of (704/40 - 18) + 234572/5?
4
Let i(h) = -1108*h**3 - h**2 + 1. Let j be i(-1). Suppose -3*t + 4*r = -j, 2*t = -3*t - 5*r + 1905. What is the hundreds digit of t?
3
Suppose 0 = -d - 28 + 124. Let t be d/56 - 4/(-14). Suppose -3*n + 1000 = 4*o, -980 = -5*o + o + t*n. What is the hundreds digit of o?
2
Suppose -t + 7302 = 3*i, 2426 + 4876 = 3*i + 3*t. What is the thousands digit of i?
2
Let f(s) = 169*s - 1. Suppose -c = 3*o - 2*o + 3, -4*o + 3 = c. What is the tens digit of f(o)?
3
Suppose -3*g + 5*b = 2 - 36, 5*g = b + 42. Suppose -2*k + 4 = -3*m, 4*k = -3*m + 8*m + g. What is the hundreds digit of (-423)/(-6)*(4 - k)?
1
Let m = -5634 - -9818. What is the hundreds digit of m?
1
Suppose 352*q + 48680 - 241809 = 89175. What is the tens digit of q?
0
Suppose -11*u = -3*u - 16. Suppose d = u*d - 1. Let g(r) = 188*r**2 - 3*r + 2. What is the tens digit of g(d)?
8
Let s(l) = -3*l**3 + 8*l**2 + 15*l + 3. Let u be s(-6). Suppose 6*k = -u - 603. Let n = 410 + k. What is the tens digit of n?
6
Suppose 16*p - 23*p = -56. Suppose o = l - 1 + 2, -5*l + 16 = 2*o. What is the tens digit of -106*l*(-2)/p?
5
Let k be (5 - (5 + 1))/(3/(-6)). Suppose 0 = i - 2*m - 1176, -3*i + k*m + 1430 = -2114. What is the tens digit of i?
8
Suppose 4*g + 6 = 3*n + 3*g, -g + 8 = 4*n. Suppose -n*d - 3 = -11, -5*u + 311 = -d. Let y = 28 + u. What is the tens digit of y?
9
Suppose -17*c + 71732 = -43477. What is the hundreds digit of c?
7
Let h(u) = -u**3 + 16*u**2 + 3*u - 9. Let y be h(-7). Let l = 2177 - y. What is the units digit of (l/84)/(3/14)?
0
Suppose 13 - 4 = -3*v, 2*v + 4658 = 2*f. Let k = f - 1355. What is the hundreds digit of k?
9
Suppose 4*o + 3*f - 148 = 5*f, 2*o - 62 = -5*f. Let d = o - 43. What is the units digit of (-1447)/d + -1 + 6/21?
6
Let d(j) = j**3 + 9*j**2 + 101*j + 505. What is the hundreds digit of d(30)?
6
Let x(r) = 549 + 5*r + 2*r - 2*r. What is the hundreds digit of x(0)?
5
Let v(i) = -i**3 + 12*i**2 + 13*i + 13. Let x be v(13). Suppose x*a = 16*a - 615. Let b = 327 - a. What is the units digit of b?
2
Let u be (40/32)/((-5)/(-480)). Let o = u - -5. What is the hundreds digit of o?
1
Suppose -5*p + 7 = 2*g - 17, 4*g = 2*p. Suppose 318 = g*j - 140. What is the units digit of j?
9
Let k = 11893 + -169. What is the tens digit of k?
2
Suppose 55*o = 51*o - 480. What is the tens digit of (o/16)/(18/8)*-108?
6
Let g(y) = 2*y - 6. Let u be g(-5). Let p be (26/52)/((-2)/u). Suppose -5*x = 20, p*x - x = w - 61. What is the units digit of w?
9
Let i(g) be the second derivative of -g**5/20 + 4*g**4/3 + 5*g**3/6 + 9*g**2 - g - 70. What is the tens digit of i(12)?
5
Let r(h) = 16*h**2 - 60 + 45*h - 85*h + 6 + 25*h - 51. What is the tens digit of r(-9)?
2
Let a(f) = -3*f**2 - 101*f + 37. Let w be a(-34). Suppose w*k = o - 516, o + 2081 = 5*o + 5*k. What is the tens digit of o?
1
Let t = -482 + 1374. Let i = t + -77. What is the tens digit of i?
1
Let k(j) = 2*j**3 - 27*j**2 + 20*j - 38. Let r be (6/9)/((-4)/(-78)). What is the tens digit of k(r)?
5
Suppose 2*k - 12237 = p, 2*k - 17*p - 12225 = -12*p. Suppose 13*g = -4*g + k. What is the hundreds digit of g?
3
Suppose -13798 = 16*l - 33*l + 15*l. What is the hundreds digit of l?
8
Suppose -5*s = 5, z + 3*s + 2*s - 3782 = 0. What is the hundreds digit of z?
7
Let p(u) = u**2 + u + 1. Let s(n) = 3*n**2 - 13*n - 45. Let j(a) = -2*p(a) + s(a). What is the units digit of j(-4)?
9
Suppose -p + 31665 = 1143*u - 1145*u, -p = u - 31686. What is the units digit of p?
9
What is the units digit of (-6)/(-15) - (-42884)/(-5)*-2?
4
Let o be 2 - ((-40)/(-180) + 22/(-18)). Let f(b) be the third derivative of b**5/10 + b**4/6 - b**3/6 + b**2. What is the units digit of f(o)?
5
Suppose -8*l = -145*b + 146*b - 112497, 2*b + 70329 = 5*l. What is the thousands digit of l?
4
Let t(z) = -4*z - 16. Let n be t(-12). Suppose 34*o - 160 = n*o. Let j = o - 70. What is the units digit of j?
0
Let m(u) = -10 - 15*u + 0*u**2 + 28 - u**2. Let x be m(-16). What is the hundreds digit of -5 + 2 - -3 - (x - 169)?
1
Let g(j) = -1674*j + 1954. What is the hundreds digit of g(-40)?
9
Let a = -9412 - -14054. Suppose a = 16*m - 4926. What is the hundreds digit of m?
5
Let y(s) = s**3 - 23*s**2 + 74*s + 40. Let d be 2685/120 - 12/32. What is the units digit of y(d)?
4
Suppose 2*o + 259202 = 31*o. What is the hundreds digit of o?
9
Let a(f) = -f**3 + f**2 + 2*f + 15. Let c be (-2)/(-4)*(1 + -1). Let u be a(c). Suppose -5*w - u = 2*s - 79, -s = 4*w - 29. What is the units digit of s?
7
Let x = -48983 + 98014. What is the thousands digit of x?
9
Suppose -25 = 6*j + 23. Let n = j - -178. What is the tens digit of n?
7
Let u(l) = l**3 + 5*l**2 + l + 6. Let a = -34 + 29. Let i be u(a). What is the units digit of 105*((-6)/10 + i)?
2
Suppose -11*f = -53605 - 75601. What is the units digit of f?
6
Suppose 3*t = -4*a - a + 34449, -2*t - 55166 = -8*a. What is the units digit of a?
4
Let h(q) = -q**2 - 4*q. Let d be h(-5). Let w be 1/d - (-894)/(-30). What is the tens digit of 10/w + (-34)/(-3)?
1
Suppose -47849 = -11*y + 10*y + 5*f, -47855 = -y + 2*f. What is the thousands digit of y?
7
Let p be ((-1)/5 - 4/(-20))*-1. Suppose 5*c + z - 1675 = -0*z, -3*z = p. Let y = -207 + c. What is the hundreds digit of y?
1
Let t be (30/(-20))/(2/(-152)). Suppose 0 = -2*r + t - 16. What is the units digit of r?
9
Let p(x) = 256*x - 104. Let w be p(5). Suppose w